vided by 161?
54
Calculate the remainder when 347 is divided by 37.
14
What is the remainder when 643 is divided by 212?
7
Calculate the remainder when 22 is divided by 14.
8
Calculate the remainder when 267 is divided by 83.
18
What is the remainder when 13 is divided by 4?
1
What is the remainder when 839 is divided by 77?
69
Calculate the remainder when 21718 is divided by 20.
18
What is the remainder when 156 is divided by 36?
12
What is the remainder when 165 is divided by 54?
3
Calculate the remainder when 1676 is divided by 84.
80
Calculate the remainder when 1012 is divided by 127.
123
What is the remainder when 803 is divided by 67?
66
What is the remainder when 157 is divided by 39?
1
What is the remainder when 930 is divided by 230?
10
Calculate the remainder when 39 is divided by 8.
7
Calculate the remainder when 226 is divided by 13.
5
What is the remainder when 277 is divided by 35?
32
What is the remainder when 3673 is divided by 115?
108
Calculate the remainder when 61 is divided by 14.
5
Calculate the remainder when 159 is divided by 16.
15
Calculate the remainder when 132 is divided by 5.
2
What is the remainder when 1937 is divided by 27?
20
Calculate the remainder when 2837 is divided by 66.
65
Calculate the remainder when 92 is divided by 3.
2
Calculate the remainder when 103 is divided by 91.
12
What is the remainder when 146 is divided by 26?
16
Calculate the remainder when 106 is divided by 49.
8
What is the remainder when 453 is divided by 76?
73
What is the remainder when 1630 is divided by 543?
1
Calculate the remainder when 21 is divided by 11.
10
Calculate the remainder when 288 is divided by 155.
133
What is the remainder when 214 is divided by 85?
44
What is the remainder when 478 is divided by 7?
2
Calculate the remainder when 1621 is divided by 56.
53
What is the remainder when 25 is divided by 12?
1
What is the remainder when 30 is divided by 1?
0
Calculate the remainder when 1345 is divided by 52.
45
Calculate the remainder when 11645 is divided by 224.
221
What is the remainder when 810 is divided by 74?
70
What is the remainder when 469 is divided by 47?
46
What is the remainder when 498 is divided by 28?
22
Calculate the remainder when 1137 is divided by 60.
57
Calculate the remainder when 3459 is divided by 34.
25
What is the remainder when 712 is divided by 42?
40
What is the remainder when 37 is divided by 16?
5
What is the remainder when 750 is divided by 40?
30
What is the remainder when 73 is divided by 19?
16
What is the remainder when 45 is divided by 6?
3
Calculate the remainder when 232 is divided by 134.
98
Calculate the remainder when 941 is divided by 68.
57
What is the remainder when 390 is divided by 150?
90
Calculate the remainder when 38 is divided by 20.
18
What is the remainder when 207 is divided by 113?
94
Calculate the remainder when 828 is divided by 32.
28
Calculate the remainder when 385 is divided by 68.
45
Calculate the remainder when 5999 is divided by 207.
203
Calculate the remainder when 117 is divided by 39.
0
What is the remainder when 115 is divided by 43?
29
What is the remainder when 727 is divided by 67?
57
Calculate the remainder when 1483 is divided by 5.
3
What is the remainder when 179 is divided by 13?
10
What is the remainder when 1195 is divided by 92?
91
Calculate the remainder when 103 is divided by 29.
16
Calculate the remainder when 4504 is divided by 85.
84
What is the remainder when 1974 is divided by 491?
10
Calculate the remainder when 1167 is divided by 6.
3
Calculate the remainder when 396 is divided by 156.
84
Calculate the remainder when 1276 is divided by 60.
16
What is the remainder when 18 is divided by 14?
4
What is the remainder when 839 is divided by 278?
5
Calculate the remainder when 1244 is divided by 89.
87
What is the remainder when 105 is divided by 19?
10
Calculate the remainder when 67 is divided by 41.
26
Calculate the remainder when 1189 is divided by 17.
16
Calculate the remainder when 4915 is divided by 12.
7
Calculate the remainder when 42 is divided by 9.
6
Calculate the remainder when 231 is divided by 84.
63
Calculate the remainder when 62 is divided by 4.
2
Calculate the remainder when 518 is divided by 115.
58
Calculate the remainder when 1883 is divided by 23.
20
Calculate the remainder when 9183 is divided by 287.
286
What is the remainder when 714 is divided by 86?
26
Calculate the remainder when 18639 is divided by 33.
27
What is the remainder when 325 is divided by 74?
29
Calculate the remainder when 1024 is divided by 56.
16
Calculate the remainder when 280 is divided by 36.
28
Calculate the remainder when 1379 is divided by 23.
22
Calculate the remainder when 807 is divided by 183.
75
What is the remainder when 112 is divided by 42?
28
What is the remainder when 173 is divided by 166?
7
What is the remainder when 583 is divided by 64?
7
What is the remainder when 1650 is divided by 23?
17
What is the remainder when 104 is divided by 4?
0
What is the remainder when 302 is divided by 16?
14
Calculate the remainder when 4646 is divided by 56.
54
Calculate the remainder when 994 is divided by 21.
7
Calculate the remainder when 464 is divided by 52.
48
Calculate the remainder when 5323 is divided by 232.
219
Calculate the remainder when 618 is divided by 219.
180
Calculate the remainder when 574 is divided by 58.
52
Calculate the remainder when 198 is divided by 107.
91
What is the remainder when 398 is divided by 10?
8
What is the remainder when 456 is divided by 27?
24
What is the remainder when 194 is divided by 49?
47
What is the remainder when 63 is divided by 23?
17
Calculate the remainder when 385 is divided by 115.
40
Calculate the remainder when 582 is divided by 83.
1
What is the remainder when 807 is divided by 18?
15
Calculate the remainder when 27 is divided by 26.
1
Calculate the remainder when 409 is divided by 18.
13
What is the remainder when 1637 is divided by 47?
39
Calculate the remainder when 103 is divided by 46.
11
What is the remainder when 325 is divided by 41?
38
Calculate the remainder when 222 is divided by 58.
48
What is the remainder when 284 is divided by 61?
40
What is the remainder when 38 is divided by 14?
10
What is the remainder when 79 is divided by 70?
9
Calculate the remainder when 523 is divided by 258.
7
Calculate the remainder when 1897 is divided by 73.
72
What is the remainder when 3298 is divided by 236?
230
What is the remainder when 137 is divided by 24?
17
What is the remainder when 4073 is divided by 97?
96
What is the remainder when 1609 is divided by 772?
65
Calculate the remainder when 124 is divided by 37.
13
Calculate the remainder when 10294 is divided by 117.
115
Calculate the remainder when 279 is divided by 47.
44
Calculate the remainder when 422 is divided by 25.
22
What is the remainder when 3353 is divided by 26?
25
What is the remainder when 337 is divided by 13?
12
What is the remainder when 1124 is divided by 179?
50
Calculate the remainder when 189 is divided by 110.
79
Calculate the remainder when 152 is divided by 69.
14
What is the remainder when 468 is divided by 43?
38
Calculate the remainder when 151 is divided by 22.
19
Calculate the remainder when 3075 is divided by 3062.
13
What is the remainder when 127 is divided by 10?
7
What is the remainder when 109 is divided by 27?
1
Calculate the remainder when 1239 is divided by 69.
66
What is the remainder when 4824 is divided by 19?
17
What is the remainder when 756 is divided by 239?
39
Calculate the remainder when 831 is divided by 5.
1
Calculate the remainder when 2740 is divided by 275.
265
What is the remainder when 382 is divided by 115?
37
What is the remainder when 9905 is divided by 4?
1
What is the remainder when 448 is divided by 15?
13
Calculate the remainder when 873 is divided by 38.
37
Calculate the remainder when 7125 is divided by 44.
41
Calculate the remainder when 116 is divided by 43.
30
What is the remainder when 209 is divided by 6?
5
Calculate the remainder when 6827 is divided by 9.
5
What is the remainder when 344 is divided by 37?
11
What is the remainder when 201 is divided by 64?
9
What is the remainder when 2122 is divided by 11?
10
What is the remainder when 771 is divided by